{"id":25340,"date":"2022-12-20T14:59:54","date_gmt":"2022-12-20T14:59:54","guid":{"rendered":"https:\/\/comtal.org\/hogar-santa-caterina\/"},"modified":"2026-03-09T14:17:45","modified_gmt":"2026-03-09T14:17:45","slug":"hogar-santa-caterina","status":"publish","type":"page","link":"https:\/\/comtal.org\/es\/hogar-santa-caterina\/","title":{"rendered":"Hogar Santa Caterina"},"content":{"rendered":"<h2>HOGAR SANTA CATERINA<\/p>\n<div class=\"hr hr4\" style='margin:0px 0px 20px 0px !important;'><\/div>\n<\/h2>\n<p><span class=\"responsive\"><img loading=\"lazy\" decoding=\"async\" class=\"aligncenter size-full wp-image-25334\" src=\"https:\/\/comtal.org\/wp-content\/uploads\/WhatsApp-Image-2022-12-12-at-14.44.02-e1671539686321.jpeg\" alt=\"jove Fundaci\u00f3 Comtal\" width=\"1200\" height=\"1600\" \/><\/span><\/p>\n<h2>\u00bfQu\u00e9 nos mueve?<\/p>\n<div class=\"hr hr2\" style='margin:0px !important;'><\/div>\n<\/h2>\n<p>La realidad de las j\u00f3venes sin referentes adultos en su proceso de emancipaci\u00f3n. Su dificultad para encontrar vivienda, seguir su itinerario formativo y dar los primeros pasos en el mundo laboral.<\/p>\n<h2>\u00bfQu\u00e9 hacemos?<\/p>\n<div class=\"hr hr2\" style='margin:0px !important;'><\/div>\n<\/h2>\n<p>Ayudar a la joven a construir su proyecto vital.<br \/>\nOfrecerle un espacio donde poder vivir y satisfacer sus necesidades b\u00e1sicas.<br \/>\nAcompa\u00f1arlas para que contin\u00fae form\u00e1ndose y pueda insertarse laboralmente.<br \/>\nProponerle espacios, momentos y personas para que tenga referentes positivos de amistad, de tiempo libre y de apoyo.<\/p>\n<h2>Nuestro proyecto<\/p>\n<div class=\"hr hr2\" style='margin:0px !important;'><\/div>\n<\/h2>\n<p>Acogemos chicas j\u00f3venes en un piso ubicado en Les Corts y trabajamos para que sean aut\u00f3nomos gracias al apoyo educativo, la convivencia y la implicaci\u00f3n en el entorno.<\/p>\n<p>Ponemos a las j\u00f3venes en el centro del proyecto para que sean protagonistas de su propio proceso de emancipaci\u00f3n y consigan en un periodo corto de tiempo vivir solas con sus propios recursos.<\/p>\n<ul>\n<li>Trabajamos en colaboraci\u00f3n con el \u00e1rea laboral de la Fundaci\u00f3n para que mejoren su empleabilidad.<\/li>\n<li>Trabajamos con personas voluntarias para que sean referentes (maestras de vida) para estas j\u00f3venes.<\/li>\n<li>Trabajamos en red con otras entidades y proyectos de la fundaci\u00f3n que apoyan a j\u00f3venes sin referentes familiares en varios \u00e1mbitos; jur\u00eddico, emocional, formativo\u2026<\/li>\n<\/ul>\n<h2>Con el apoyo de: <\/p>\n<div class=\"hr hr2\" style='margin:0px !important;'><\/div>\n<\/h2>\n<p><a href=\"https:\/\/comtal.org\/wp-content\/uploads\/AJBCN_Sign_Com_Negre_Transparent.png\"><img loading=\"lazy\" decoding=\"async\" class=\"alignnone wp-image-28785\" src=\"https:\/\/comtal.org\/wp-content\/uploads\/AJBCN_Sign_Com_Negre_Transparent-300x77.png\" alt=\"ajuntament barcelona\" width=\"230\" height=\"59\" srcset=\"https:\/\/comtal.org\/wp-content\/uploads\/AJBCN_Sign_Com_Negre_Transparent-300x77.png 300w, https:\/\/comtal.org\/wp-content\/uploads\/AJBCN_Sign_Com_Negre_Transparent-1024x262.png 1024w, https:\/\/comtal.org\/wp-content\/uploads\/AJBCN_Sign_Com_Negre_Transparent-768x197.png 768w, https:\/\/comtal.org\/wp-content\/uploads\/AJBCN_Sign_Com_Negre_Transparent-1536x393.png 1536w, https:\/\/comtal.org\/wp-content\/uploads\/AJBCN_Sign_Com_Negre_Transparent-2048x525.png 2048w, https:\/\/comtal.org\/wp-content\/uploads\/AJBCN_Sign_Com_Negre_Transparent-188x48.png 188w\" sizes=\"auto, (max-width: 230px) 100vw, 230px\" \/><\/a><a href=\"https:\/\/comtal.org\/wp-content\/uploads\/drets_socials_h2-1.png\"><img loading=\"lazy\" decoding=\"async\" class=\"alignnone wp-image-28605 size-medium\" src=\"https:\/\/comtal.org\/wp-content\/uploads\/drets_socials_h2-1-300x53.png\" alt=\"\" width=\"300\" height=\"53\" srcset=\"https:\/\/comtal.org\/wp-content\/uploads\/drets_socials_h2-1-300x53.png 300w, https:\/\/comtal.org\/wp-content\/uploads\/drets_socials_h2-1-768x137.png 768w, https:\/\/comtal.org\/wp-content\/uploads\/drets_socials_h2-1-188x33.png 188w, https:\/\/comtal.org\/wp-content\/uploads\/drets_socials_h2-1.png 821w\" sizes=\"auto, (max-width: 300px) 100vw, 300px\" \/><\/a><\/p>\n","protected":false},"excerpt":{"rendered":"<p>HOGAR SANTA CATERINA \u00bfQu\u00e9 nos mueve? La realidad de las j\u00f3venes sin referentes adultos en su proceso de emancipaci\u00f3n. Su dificultad para encontrar vivienda, seguir su itinerario formativo y dar [&hellip;]<\/p>\n","protected":false},"author":2,"featured_media":25334,"parent":0,"menu_order":0,"comment_status":"closed","ping_status":"closed","template":"","meta":{"footnotes":""},"class_list":["post-25340","page","type-page","status-publish","has-post-thumbnail","hentry"],"_links":{"self":[{"href":"https:\/\/comtal.org\/es\/wp-json\/wp\/v2\/pages\/25340","targetHints":{"allow":["GET"]}}],"collection":[{"href":"https:\/\/comtal.org\/es\/wp-json\/wp\/v2\/pages"}],"about":[{"href":"https:\/\/comtal.org\/es\/wp-json\/wp\/v2\/types\/page"}],"author":[{"embeddable":true,"href":"https:\/\/comtal.org\/es\/wp-json\/wp\/v2\/users\/2"}],"replies":[{"embeddable":true,"href":"https:\/\/comtal.org\/es\/wp-json\/wp\/v2\/comments?post=25340"}],"version-history":[{"count":12,"href":"https:\/\/comtal.org\/es\/wp-json\/wp\/v2\/pages\/25340\/revisions"}],"predecessor-version":[{"id":28843,"href":"https:\/\/comtal.org\/es\/wp-json\/wp\/v2\/pages\/25340\/revisions\/28843"}],"wp:featuredmedia":[{"embeddable":true,"href":"https:\/\/comtal.org\/es\/wp-json\/wp\/v2\/media\/25334"}],"wp:attachment":[{"href":"https:\/\/comtal.org\/es\/wp-json\/wp\/v2\/media?parent=25340"}],"curies":[{"name":"wp","href":"https:\/\/api.w.org\/{rel}","templated":true}]}}

<h2>HOGAR SANTA CATERINA</p>
<div class="hr hr4" style='margin:0px 0px 20px 0px !important;'></div>
</h2>
<p><span class="responsive"><img loading="lazy" decoding="async" class="aligncenter size-full wp-image-25334" src="https://comtal.org/wp-content/uploads/WhatsApp-Image-2022-12-12-at-14.44.02-e1671539686321.jpeg" alt="jove Fundació Comtal" width="1200" height="1600" /></span></p>
<h2>¿Qué nos mueve?</p>
<div class="hr hr2" style='margin:0px !important;'></div>
</h2>
<p>La realidad de las jóvenes sin referentes adultos en su proceso de emancipación. Su dificultad para encontrar vivienda, seguir su itinerario formativo y dar los primeros pasos en el mundo laboral.</p>
<h2>¿Qué hacemos?</p>
<div class="hr hr2" style='margin:0px !important;'></div>
</h2>
<p>Ayudar a la joven a construir su proyecto vital.<br />
Ofrecerle un espacio donde poder vivir y satisfacer sus necesidades básicas.<br />
Acompañarlas para que continúe formándose y pueda insertarse laboralmente.<br />
Proponerle espacios, momentos y personas para que tenga referentes positivos de amistad, de tiempo libre y de apoyo.</p>
<h2>Nuestro proyecto</p>
<div class="hr hr2" style='margin:0px !important;'></div>
</h2>
<p>Acogemos chicas jóvenes en un piso ubicado en Les Corts y trabajamos para que sean autónomos gracias al apoyo educativo, la convivencia y la implicación en el entorno.</p>
<p>Ponemos a las jóvenes en el centro del proyecto para que sean protagonistas de su propio proceso de emancipación y consigan en un periodo corto de tiempo vivir solas con sus propios recursos.</p>
<ul>
<li>Trabajamos en colaboración con el área laboral de la Fundación para que mejoren su empleabilidad.</li>
<li>Trabajamos con personas voluntarias para que sean referentes (maestras de vida) para estas jóvenes.</li>
<li>Trabajamos en red con otras entidades y proyectos de la fundación que apoyan a jóvenes sin referentes familiares en varios ámbitos; jurídico, emocional, formativo…</li>
</ul>
<h2>Con el apoyo de: </p>
<div class="hr hr2" style='margin:0px !important;'></div>
</h2>
<p><a href="https://comtal.org/wp-content/uploads/AJBCN_Sign_Com_Negre_Transparent.png"><img loading="lazy" decoding="async" class="alignnone wp-image-28785" src="https://comtal.org/wp-content/uploads/AJBCN_Sign_Com_Negre_Transparent-300x77.png" alt="ajuntament barcelona" width="230" height="59" srcset="https://comtal.org/wp-content/uploads/AJBCN_Sign_Com_Negre_Transparent-300x77.png 300w, https://comtal.org/wp-content/uploads/AJBCN_Sign_Com_Negre_Transparent-1024x262.png 1024w, https://comtal.org/wp-content/uploads/AJBCN_Sign_Com_Negre_Transparent-768x197.png 768w, https://comtal.org/wp-content/uploads/AJBCN_Sign_Com_Negre_Transparent-1536x393.png 1536w, https://comtal.org/wp-content/uploads/AJBCN_Sign_Com_Negre_Transparent-2048x525.png 2048w, https://comtal.org/wp-content/uploads/AJBCN_Sign_Com_Negre_Transparent-188x48.png 188w" sizes="auto, (max-width: 230px) 100vw, 230px" /></a><a href="https://comtal.org/wp-content/uploads/drets_socials_h2-1.png"><img loading="lazy" decoding="async" class="alignnone wp-image-28605 size-medium" src="https://comtal.org/wp-content/uploads/drets_socials_h2-1-300x53.png" alt="" width="300" height="53" srcset="https://comtal.org/wp-content/uploads/drets_socials_h2-1-300x53.png 300w, https://comtal.org/wp-content/uploads/drets_socials_h2-1-768x137.png 768w, https://comtal.org/wp-content/uploads/drets_socials_h2-1-188x33.png 188w, https://comtal.org/wp-content/uploads/drets_socials_h2-1.png 821w" sizes="auto, (max-width: 300px) 100vw, 300px" /></a></p>

<p>HOGAR SANTA CATERINA ¿Qué nos mueve? La realidad de las jóvenes sin referentes adultos en su proceso de emancipación. Su dificultad para encontrar vivienda, seguir su itinerario formativo y dar [&hellip;]</p>
