{"id":1865,"date":"2015-01-09T10:52:32","date_gmt":"2015-01-09T10:52:32","guid":{"rendered":"https:\/\/comtal.org\/?page_id=1865"},"modified":"2023-02-22T11:33:36","modified_gmt":"2023-02-22T11:33:36","slug":"insercion-prospeccion-programa-incorpora","status":"publish","type":"page","link":"https:\/\/comtal.org\/es\/que-hacemos\/orientacion-e-insercion-social-y-laboral\/insercion-prospeccion-programa-incorpora\/","title":{"rendered":"INSERCI\u00d3N-PROSPECCI\u00d3N: PROGRAMA INCORPORA"},"content":{"rendered":"<h2>INSERCI\u00d3N-PROSPECCI\u00d3N: PROGRAMA INCORPORA<\/p>\n<div class=\"hr hr4\" style='margin:0px 0px 20px 0px !important;'><\/div>\n<\/h2>\n<p><span class=\"responsive\"><img loading=\"lazy\" decoding=\"async\" class=\"aligncenter size-full wp-image-18992\" src=\"https:\/\/comtal.org\/wp-content\/uploads\/insercio-1.jpg\" alt=\"\" width=\"2048\" height=\"1024\" srcset=\"https:\/\/comtal.org\/wp-content\/uploads\/insercio-1.jpg 2048w, https:\/\/comtal.org\/wp-content\/uploads\/insercio-1-300x150.jpg 300w, https:\/\/comtal.org\/wp-content\/uploads\/insercio-1-768x384.jpg 768w, https:\/\/comtal.org\/wp-content\/uploads\/insercio-1-1024x512.jpg 1024w, https:\/\/comtal.org\/wp-content\/uploads\/insercio-1-188x94.jpg 188w\" sizes=\"auto, (max-width: 2048px) 100vw, 2048px\" \/><\/span><\/p>\n<h2>\u00bfQu\u00e9 nos mueve?<\/p>\n<div class=\"hr hr2\" style='margin:0px !important;'><\/div>\n<\/h2>\n<p>Acompa\u00f1ar en la Inserci\u00f3n socio-laboral a los j\u00f3venes de entre 16 y 35 a\u00f1os que se encuentran en situaci\u00f3n de vulnerabilidad social a trav\u00e9s de distintas acciones de mejora de competencias, coaching profesional y apoyo en la b\u00fasqueda de trabajo.\u00a0Desde el proyecto implicamos activamente el tejido empresarial del territorio para garantizar a los j\u00f3venes un acceso al mercado laboral con \u00e9xito.<\/p>\n<h2>Nuestro compromiso, \u00bfQu\u00e9 hacemos?<\/p>\n<div class=\"hr hr2\" style='margin:0px !important;'><\/div>\n<\/h2>\n<p>Ofrecer la mejor formaci\u00f3n y capacitaci\u00f3n para la b\u00fasqueda de trabajo, a trav\u00e9s de tutor\u00edas, talleres de mejora de las competencias y de la definici\u00f3n del proyecto profesional individual. Establecer un itinerario adaptado a los objetivos de cada persona, y acompa\u00f1arla para que sean aut\u00f3nomos y mejoren su ocupabilidad.<\/p>\n<p>Itinerarios personales de inserci\u00f3n: Acompa\u00f1ar de manera individual, personalizada e integral a los j\u00f3venes para mejorar su ocupabilidad, vehiculando las competencias hacia el mercado laboral, posicionando al joven en este mercado y dot\u00e1ndolo de un asesoramiento hacia la inserci\u00f3n.<\/p>\n<p>Espacio de acompa\u00f1amiento en la mejora competencial: A partir de la cual los j\u00f3venes puedan dise\u00f1ar de manera muy pr\u00e1ctica y amena su objetivo profesional, establecer los canales necesarios para la b\u00fasqueda de trabajo, conocer las t\u00e9cnicas para afrontar los procesos de selecci\u00f3n y empezar a trabajar. Talleres para capacitar a los j\u00f3venes, y ofrecerles instrumentos para superar las barreras que les impiden acceder al mercado laboral.<\/p>\n<p>Todo esto lo hacemos conjuntamente con el servicio de intermediaci\u00f3n laboral entre los j\u00f3venes y las empresas que colaboran con el proyecto de Inserci\u00f3n-Prospecci\u00f3n; adherido a la Red de Inserci\u00f3n Laboral que desarrolla el programa Incorpora de la Fundaci\u00f3n \u00abLa Caixa\u00bb<\/p>\n<h2>\u00bfQu\u00e9 ofrecemos a las empresas?<\/p>\n<div class=\"hr hr2\" style='margin:0px !important;'><\/div>\n<\/h2>\n<ul>\n<li>Selecci\u00f3n de personal profesional a coste cero y gesti\u00f3n de ofertas, derivaci\u00f3n de candidaturas y seguimiento post-contractual. Facilitamos el proceso de cobertura de vacantes en la empresa de forma ajustada a las necesidades, acompa\u00f1ando tanto a la empresa como a los j\u00f3venes durante el per\u00edodo de adaptaci\u00f3n al lugar de trabajo.<\/li>\n<li>Asesoramiento en las bonificaciones en la contrataci\u00f3n. Informaci\u00f3n a las empresas de las diferentes bonificaciones existentes y de aquellas que mejor se ajustan al colectivo y la actividad de la empresa.<\/li>\n<li>Acompa\u00f1amiento en la definici\u00f3n de puestos de trabajo por competencias. Facilitamos la identificaci\u00f3n de las competencias clave que la empresa requiere para el desarrollo de sus vacantes.<\/li>\n<li>Acciones de sensibilizaci\u00f3n versus el colectivo de j\u00f3venes con una mayor vulnerabilidad social.<\/li>\n<li>Ofrecemos sesiones informativas de los programas y perfiles de j\u00f3venes a los distintos departamentos y trabajadores de las empresas para incidir y eliminar posibles estigmatizaciones del colectivo.<\/li>\n<li>Visitas duales. Facilitar a los j\u00f3venes visitas a las empresas colaboradoras, as\u00ed como recibir grupos de empresa para que conozcan directamente nuestro proyecto.<\/li>\n<\/ul>\n","protected":false},"excerpt":{"rendered":"<p>INSERCI\u00d3N-PROSPECCI\u00d3N: PROGRAMA INCORPORA \u00bfQu\u00e9 nos mueve? Acompa\u00f1ar en la Inserci\u00f3n socio-laboral a los j\u00f3venes de entre 16 y 35 a\u00f1os que se encuentran en situaci\u00f3n de vulnerabilidad social a trav\u00e9s [&hellip;]<\/p>\n","protected":false},"author":2,"featured_media":0,"parent":15830,"menu_order":0,"comment_status":"open","ping_status":"closed","template":"page-sidebar-left.php","meta":{"footnotes":""},"class_list":["post-1865","page","type-page","status-publish","hentry"],"_links":{"self":[{"href":"https:\/\/comtal.org\/es\/wp-json\/wp\/v2\/pages\/1865","targetHints":{"allow":["GET"]}}],"collection":[{"href":"https:\/\/comtal.org\/es\/wp-json\/wp\/v2\/pages"}],"about":[{"href":"https:\/\/comtal.org\/es\/wp-json\/wp\/v2\/types\/page"}],"author":[{"embeddable":true,"href":"https:\/\/comtal.org\/es\/wp-json\/wp\/v2\/users\/2"}],"replies":[{"embeddable":true,"href":"https:\/\/comtal.org\/es\/wp-json\/wp\/v2\/comments?post=1865"}],"version-history":[{"count":7,"href":"https:\/\/comtal.org\/es\/wp-json\/wp\/v2\/pages\/1865\/revisions"}],"predecessor-version":[{"id":25954,"href":"https:\/\/comtal.org\/es\/wp-json\/wp\/v2\/pages\/1865\/revisions\/25954"}],"up":[{"embeddable":true,"href":"https:\/\/comtal.org\/es\/wp-json\/wp\/v2\/pages\/15830"}],"wp:attachment":[{"href":"https:\/\/comtal.org\/es\/wp-json\/wp\/v2\/media?parent=1865"}],"curies":[{"name":"wp","href":"https:\/\/api.w.org\/{rel}","templated":true}]}}

INSERCIÓN-PROSPECCIÓN: PROGRAMA INCORPORA

<h2>INSERCIÓN-PROSPECCIÓN: PROGRAMA INCORPORA</p>
<div class="hr hr4" style='margin:0px 0px 20px 0px !important;'></div>
</h2>
<p><span class="responsive"><img loading="lazy" decoding="async" class="aligncenter size-full wp-image-18992" src="https://comtal.org/wp-content/uploads/insercio-1.jpg" alt="" width="2048" height="1024" srcset="https://comtal.org/wp-content/uploads/insercio-1.jpg 2048w, https://comtal.org/wp-content/uploads/insercio-1-300x150.jpg 300w, https://comtal.org/wp-content/uploads/insercio-1-768x384.jpg 768w, https://comtal.org/wp-content/uploads/insercio-1-1024x512.jpg 1024w, https://comtal.org/wp-content/uploads/insercio-1-188x94.jpg 188w" sizes="auto, (max-width: 2048px) 100vw, 2048px" /></span></p>
<h2>¿Qué nos mueve?</p>
<div class="hr hr2" style='margin:0px !important;'></div>
</h2>
<p>Acompañar en la Inserción socio-laboral a los jóvenes de entre 16 y 35 años que se encuentran en situación de vulnerabilidad social a través de distintas acciones de mejora de competencias, coaching profesional y apoyo en la búsqueda de trabajo. Desde el proyecto implicamos activamente el tejido empresarial del territorio para garantizar a los jóvenes un acceso al mercado laboral con éxito.</p>
<h2>Nuestro compromiso, ¿Qué hacemos?</p>
<div class="hr hr2" style='margin:0px !important;'></div>
</h2>
<p>Ofrecer la mejor formación y capacitación para la búsqueda de trabajo, a través de tutorías, talleres de mejora de las competencias y de la definición del proyecto profesional individual. Establecer un itinerario adaptado a los objetivos de cada persona, y acompañarla para que sean autónomos y mejoren su ocupabilidad.</p>
<p>Itinerarios personales de inserción: Acompañar de manera individual, personalizada e integral a los jóvenes para mejorar su ocupabilidad, vehiculando las competencias hacia el mercado laboral, posicionando al joven en este mercado y dotándolo de un asesoramiento hacia la inserción.</p>
<p>Espacio de acompañamiento en la mejora competencial: A partir de la cual los jóvenes puedan diseñar de manera muy práctica y amena su objetivo profesional, establecer los canales necesarios para la búsqueda de trabajo, conocer las técnicas para afrontar los procesos de selección y empezar a trabajar. Talleres para capacitar a los jóvenes, y ofrecerles instrumentos para superar las barreras que les impiden acceder al mercado laboral.</p>
<p>Todo esto lo hacemos conjuntamente con el servicio de intermediación laboral entre los jóvenes y las empresas que colaboran con el proyecto de Inserción-Prospección; adherido a la Red de Inserción Laboral que desarrolla el programa Incorpora de la Fundación «La Caixa»</p>
<h2>¿Qué ofrecemos a las empresas?</p>
<div class="hr hr2" style='margin:0px !important;'></div>
</h2>
<ul>
<li>Selección de personal profesional a coste cero y gestión de ofertas, derivación de candidaturas y seguimiento post-contractual. Facilitamos el proceso de cobertura de vacantes en la empresa de forma ajustada a las necesidades, acompañando tanto a la empresa como a los jóvenes durante el período de adaptación al lugar de trabajo.</li>
<li>Asesoramiento en las bonificaciones en la contratación. Información a las empresas de las diferentes bonificaciones existentes y de aquellas que mejor se ajustan al colectivo y la actividad de la empresa.</li>
<li>Acompañamiento en la definición de puestos de trabajo por competencias. Facilitamos la identificación de las competencias clave que la empresa requiere para el desarrollo de sus vacantes.</li>
<li>Acciones de sensibilización versus el colectivo de jóvenes con una mayor vulnerabilidad social.</li>
<li>Ofrecemos sesiones informativas de los programas y perfiles de jóvenes a los distintos departamentos y trabajadores de las empresas para incidir y eliminar posibles estigmatizaciones del colectivo.</li>
<li>Visitas duales. Facilitar a los jóvenes visitas a las empresas colaboradoras, así como recibir grupos de empresa para que conozcan directamente nuestro proyecto.</li>
</ul>

<p>INSERCIÓN-PROSPECCIÓN: PROGRAMA INCORPORA ¿Qué nos mueve? Acompañar en la Inserción socio-laboral a los jóvenes de entre 16 y 35 años que se encuentran en situación de vulnerabilidad social a través [&hellip;]</p>
