{"id":1756,"date":"2015-01-07T19:15:16","date_gmt":"2015-01-07T19:15:16","guid":{"rendered":"https:\/\/comtal.org\/?page_id=1756"},"modified":"2023-02-22T08:57:33","modified_gmt":"2023-02-22T08:57:33","slug":"hogar-germa-adria","status":"publish","type":"page","link":"https:\/\/comtal.org\/es\/que-hacemos\/medio-residencial\/hogar-germa-adria\/","title":{"rendered":"HOGAR GERM\u00c0 ADRI\u00c0"},"content":{"rendered":"<h2>HOGAR HERMANO ADRI\u00c0<\/p>\n<div class=\"hr hr4\" style='margin:0px 0px 20px 0px !important;'><\/div>\n<\/h2>\n<p><span class=\"responsive\"><img loading=\"lazy\" decoding=\"async\" class=\"aligncenter size-full wp-image-19017\" src=\"https:\/\/comtal.org\/wp-content\/uploads\/thumbnail_WhatsApp-Image-2020-04-24-at-11.59.55.jpg\" alt=\"\" width=\"1153\" height=\"662\" srcset=\"https:\/\/comtal.org\/wp-content\/uploads\/thumbnail_WhatsApp-Image-2020-04-24-at-11.59.55.jpg 1153w, https:\/\/comtal.org\/wp-content\/uploads\/thumbnail_WhatsApp-Image-2020-04-24-at-11.59.55-300x172.jpg 300w, https:\/\/comtal.org\/wp-content\/uploads\/thumbnail_WhatsApp-Image-2020-04-24-at-11.59.55-768x441.jpg 768w, https:\/\/comtal.org\/wp-content\/uploads\/thumbnail_WhatsApp-Image-2020-04-24-at-11.59.55-1024x588.jpg 1024w, https:\/\/comtal.org\/wp-content\/uploads\/thumbnail_WhatsApp-Image-2020-04-24-at-11.59.55-188x108.jpg 188w\" sizes=\"auto, (max-width: 1153px) 100vw, 1153px\" \/><\/span><\/p>\n<h2>\u00bfQu\u00e9 nos mueve?<\/p>\n<div class=\"hr hr2\" style='margin:0px !important;'><\/div>\n<\/h2>\n<p>La realidad de la gente joven sin referentes adultos en su proceso de emancipaci\u00f3n. Su dificultad para encontrar vivienda, seguir su itinerario formativo y dar los primeros pasos en el mundo laboral.<\/p>\n<h2>\u00bfQu\u00e9 hacemos?<\/p>\n<div class=\"hr hr2\" style='margin:0px !important;'><\/div>\n<\/h2>\n<p>Ayudar al joven a construir su proyecto vital.<br \/>\nOfrecerle un espacio donde poder vivir y satisfacer sus necesidades b\u00e1sicas.<br \/>\nAcompa\u00f1arlo para que contin\u00fae form\u00e1ndose y pueda insertarse laboralmente.<br \/>\nProponerle espacios, momentos y personas para que tenga referentes positivos de amistad, de tiempo libre y de apoyo.<\/p>\n<h2>Nuestro proyecto<\/p>\n<div class=\"hr hr2\" style='margin:0px !important;'><\/div>\n<\/h2>\n<p>Acogemos a 4 j\u00f3venes en un piso ubicado en La Salle Barceloneta y trabajamos para que sean aut\u00f3nomos gracias al apoyo educativo, la convivencia y la implicaci\u00f3n en el entorno.<br \/>\nPonemos a los j\u00f3venes en el centro del proyecto para que sean protagonistas de su propio proceso de emancipaci\u00f3n y consigan en un periodo corto de tiempo vivir solos con sus propios recursos.<\/p>\n<ul>\n<li>Trabajamos en colaboraci\u00f3n con el \u00e1rea laboral de la Fundaci\u00f3n para que mejoren su empleabilidad.<\/li>\n<li>Trabajamos con personas voluntarias para que sean referentes (maestras de vida) para estos j\u00f3venes.<\/li>\n<li>Trabajamos en red con otras entidades y proyectos de la fundaci\u00f3n que apoyan a j\u00f3venes sin referentes familiares en varios \u00e1mbitos; jur\u00eddico, emocional, formativo\u2026<\/li>\n<\/ul>\n<h2><\/h2>\n<h2><\/h2>\n<h2><\/h2>\n","protected":false},"excerpt":{"rendered":"<p>HOGAR HERMANO ADRI\u00c0 \u00bfQu\u00e9 nos mueve? La realidad de la gente joven sin referentes adultos en su proceso de emancipaci\u00f3n. Su dificultad para encontrar vivienda, seguir su itinerario formativo y [&hellip;]<\/p>\n","protected":false},"author":2,"featured_media":0,"parent":15818,"menu_order":0,"comment_status":"open","ping_status":"closed","template":"page-sidebar-left.php","meta":{"footnotes":""},"class_list":["post-1756","page","type-page","status-publish","hentry"],"_links":{"self":[{"href":"https:\/\/comtal.org\/es\/wp-json\/wp\/v2\/pages\/1756","targetHints":{"allow":["GET"]}}],"collection":[{"href":"https:\/\/comtal.org\/es\/wp-json\/wp\/v2\/pages"}],"about":[{"href":"https:\/\/comtal.org\/es\/wp-json\/wp\/v2\/types\/page"}],"author":[{"embeddable":true,"href":"https:\/\/comtal.org\/es\/wp-json\/wp\/v2\/users\/2"}],"replies":[{"embeddable":true,"href":"https:\/\/comtal.org\/es\/wp-json\/wp\/v2\/comments?post=1756"}],"version-history":[{"count":14,"href":"https:\/\/comtal.org\/es\/wp-json\/wp\/v2\/pages\/1756\/revisions"}],"predecessor-version":[{"id":25921,"href":"https:\/\/comtal.org\/es\/wp-json\/wp\/v2\/pages\/1756\/revisions\/25921"}],"up":[{"embeddable":true,"href":"https:\/\/comtal.org\/es\/wp-json\/wp\/v2\/pages\/15818"}],"wp:attachment":[{"href":"https:\/\/comtal.org\/es\/wp-json\/wp\/v2\/media?parent=1756"}],"curies":[{"name":"wp","href":"https:\/\/api.w.org\/{rel}","templated":true}]}}

HOGAR GERMÀ ADRIÀ

<h2>HOGAR HERMANO ADRIÀ</p>
<div class="hr hr4" style='margin:0px 0px 20px 0px !important;'></div>
</h2>
<p><span class="responsive"><img loading="lazy" decoding="async" class="aligncenter size-full wp-image-19017" src="https://comtal.org/wp-content/uploads/thumbnail_WhatsApp-Image-2020-04-24-at-11.59.55.jpg" alt="" width="1153" height="662" srcset="https://comtal.org/wp-content/uploads/thumbnail_WhatsApp-Image-2020-04-24-at-11.59.55.jpg 1153w, https://comtal.org/wp-content/uploads/thumbnail_WhatsApp-Image-2020-04-24-at-11.59.55-300x172.jpg 300w, https://comtal.org/wp-content/uploads/thumbnail_WhatsApp-Image-2020-04-24-at-11.59.55-768x441.jpg 768w, https://comtal.org/wp-content/uploads/thumbnail_WhatsApp-Image-2020-04-24-at-11.59.55-1024x588.jpg 1024w, https://comtal.org/wp-content/uploads/thumbnail_WhatsApp-Image-2020-04-24-at-11.59.55-188x108.jpg 188w" sizes="auto, (max-width: 1153px) 100vw, 1153px" /></span></p>
<h2>¿Qué nos mueve?</p>
<div class="hr hr2" style='margin:0px !important;'></div>
</h2>
<p>La realidad de la gente joven sin referentes adultos en su proceso de emancipación. Su dificultad para encontrar vivienda, seguir su itinerario formativo y dar los primeros pasos en el mundo laboral.</p>
<h2>¿Qué hacemos?</p>
<div class="hr hr2" style='margin:0px !important;'></div>
</h2>
<p>Ayudar al joven a construir su proyecto vital.<br />
Ofrecerle un espacio donde poder vivir y satisfacer sus necesidades básicas.<br />
Acompañarlo para que continúe formándose y pueda insertarse laboralmente.<br />
Proponerle espacios, momentos y personas para que tenga referentes positivos de amistad, de tiempo libre y de apoyo.</p>
<h2>Nuestro proyecto</p>
<div class="hr hr2" style='margin:0px !important;'></div>
</h2>
<p>Acogemos a 4 jóvenes en un piso ubicado en La Salle Barceloneta y trabajamos para que sean autónomos gracias al apoyo educativo, la convivencia y la implicación en el entorno.<br />
Ponemos a los jóvenes en el centro del proyecto para que sean protagonistas de su propio proceso de emancipación y consigan en un periodo corto de tiempo vivir solos con sus propios recursos.</p>
<ul>
<li>Trabajamos en colaboración con el área laboral de la Fundación para que mejoren su empleabilidad.</li>
<li>Trabajamos con personas voluntarias para que sean referentes (maestras de vida) para estos jóvenes.</li>
<li>Trabajamos en red con otras entidades y proyectos de la fundación que apoyan a jóvenes sin referentes familiares en varios ámbitos; jurídico, emocional, formativo…</li>
</ul>
<h2></h2>
<h2></h2>
<h2></h2>

<p>HOGAR HERMANO ADRIÀ ¿Qué nos mueve? La realidad de la gente joven sin referentes adultos en su proceso de emancipación. Su dificultad para encontrar vivienda, seguir su itinerario formativo y [&hellip;]</p>
